101001
What is -2310 (base 8) in base 15?
-569
What is 11121 (base 3) in base 12?
a4
-3332 (base 4) to base 7
-512
What is 3251 (base 6) in base 7?
2122
What is 32 (base 4) in base 14?
10
-26e9 (base 15) to base 9
-12363
What is 1020000 (base 3) in base 5?
12031
What is -b69 (base 13) in base 14?
-9d0
21 (base 7) to base 13
12
What is -31213033 (base 4) in base 2?
-1101100111001111
-28 (base 10) to base 4
-130
Convert -4437 (base 9) to base 13.
-164b
Convert -244104 (base 5) to base 15.
-2b39
-1227 (base 16) to base 4
-1020213
What is -1206 (base 8) in base 13?
-3a9
What is -515 (base 13) in base 16?
-35f
-3244 (base 5) to base 7
-1211
-3299 (base 13) to base 11
-5334
What is -1477 (base 16) in base 13?
-2500
What is 562 (base 14) in base 9?
1414
Convert 2101222 (base 3) to base 15.
7be
Convert -128b (base 15) to base 9.
-5375
-2332310 (base 4) to base 6
-132312
What is -3c1 (base 13) in base 12?
-474
-711 (base 8) to base 13
-292
What is -b8 (base 16) in base 15?
-c4
What is -2322220 (base 4) in base 10?
-11944
What is -412 (base 15) in base 5?
-12132
What is 1313121 (base 4) in base 6?
55213
What is -12d58 (base 15) in base 3?
-10001211102
Convert 1110010001 (base 2) to base 9.
1224
What is 202 (base 3) in base 13?
17
Convert 21200 (base 4) to base 12.
428
Convert -13631 (base 7) to base 15.
-119b
Convert 2d2 (base 14) to base 2.
1001000000
-404 (base 6) to base 5
-1043
What is 13213 (base 5) in base 3?
1110012
Convert -211202 (base 5) to base 7.
-26363
What is -35201 (base 10) in base 3?
-1210021202
110100010000 (base 2) to base 11
2570
What is -3311303 (base 4) in base 15?
-49db
Convert 200311 (base 4) to base 12.
1271
What is 27dc (base 14) in base 7?
26365
Convert -2001020102 (base 3) to base 6.
-510232
What is -22212111 (base 3) in base 4?
-1211002
Convert 364 (base 16) to base 12.
604
What is -12189 (base 12) in base 11?
-173aa
-3a8 (base 14) to base 15
-341
-222102 (base 3) to base 12
-4b5
7b8 (base 12) to base 9
1515
What is 14 (base 16) in base 12?
18
What is 1010100101011110 (base 2) in base 4?
22211132
What is 1d0e (base 15) in base 9?
8585
What is -231320 (base 4) in base 15?
-d0b
Convert 112 (base 4) to base 5.
42
What is -22120002 (base 3) in base 16?
-185f
Convert 1546 (base 7) to base 4.
21232
Convert 9f (base 16) to base 3.
12220
-2002000202 (base 3) to base 15
-c17e
442 (base 8) to base 2
100100010
Convert -110001212 (base 3) to base 9.
-13055
What is 29b (base 14) in base 6?
2241
-4340 (base 5) to base 14
-307
What is -10100100100 (base 2) in base 5?
-20231
What is -210121 (base 3) in base 15?
-28d
Convert -836 (base 14) to base 13.
-974
Convert 4103 (base 5) to base 8.
1020
26778 (base 11) to base 6
452504
-64343 (base 7) to base 8
-37124
-114112 (base 5) to base 7
-15325
Convert 5dd (base 14) to base 16.
497
Convert -3012313 (base 4) to base 6.
-134531
What is 450423 (base 7) in base 9?
130873
Convert 469 (base 16) to base 5.
14004
-2666 (base 13) to base 14
-2004
What is 677 (base 14) in base 8?
2401
-4df6 (base 16) to base 2
-100110111110110
141 (base 16) to base 9
386
Convert 4216 (base 9) to base 7.
12006
566 (base 9) to base 14
253
What is -1444 (base 6) in base 7?
-1063
-1522 (base 9) to base 7
-3236
Convert 431 (base 8) to base 15.
13b
Convert 142450 (base 6) to base 7.
54360
What is 22203 (base 4) in base 7?
1653
3356 (base 7) to base 10
1217
Convert -232116 (base 7) to base 3.
-2010000110
What is -872 (base 9) in base 3?
-222102
What is -1100110000011101 (base 2) in base 14?
-15085
What is 1ba9 (base 16) in base 11?
5358
What is 865 (base 14) in base 15?
757
1249 (base 14) to base 8
6201
What is 406 (base 11) in base 14?
270
What is 39b4 (base 16) in base 11?
1010a
What is -2025 (base 6) in base 10?
-449
What is 1148 (base 11) in base 14?
796
Convert 904 (base 11) to base 16.
445
What is -11372 (base 8) in base 3?
-20122221
Convert -359 (base 15) to base 2.
-1011110111
What is -529 (base 14) in base 7?
-2652
Convert -40432 (base 5) to base 2.
-101000111001
110313 (base 4) to base 8
2467
-14529 (base 10) to base 15
-4489
-a51 (base 15) to base 16
-916
-447b (base 13) to base 11
-7207
Convert -162362 (base 7) to base 2.
-111110101011010
2c4b (base 15) to base 14
3681
Convert 142233 (base 5) to base 8.
13467
Convert -671 (base 14) to base 2.
-10011111011
-95bb (base 16) to base 5
-2211311
What is -846 (base 13) in base 2?
-10110000010
Convert -111202022 (base 3) to base 6.
-114225
Convert 2433320 (base 5) to base 15.
d9c5
What is 9353 (base 10) in base 11?
7033
Convert 178 (base 13) to base 7.
532
What is 10112012 (base 4) in base 16?
4586
Convert -1001110110 (base 2) to base 12.
-446
What is -16795 (base 11) in base 13?
-a969
3161 (base 11) to base 4
1001111
Convert 117a (base 12) to base 9.
2624
137 (base 8) to base 7
164
What is -7716 (base 8) in base 2?
-111111001110
-2413033 (base 5) to base 11
-306a9
What is 3015 (base 9) in base 3?
10000112
What is -32ae (base 16) in base 4?
-3022232
-80 (base 15) to base 9
-143
What is b9 (base 14) in base 3?
20001
-11151 (base 8) to base 5
-122323
-2321a (base 11) to base 2
-1000001100000010
10102 (base 3) to base 15
62
Convert -10100101111 (base 2) to base 7.
-3604
-9d9d (base 14) to base 15
-81a8
What is 140 (base 6) in base 2?
111100
What is -1042 (base 11) in base 14?
-705
142 (base 5) to base 16
2f
Convert -110200 (base 3) to base 5.
-2332
Convert 211240 (base 5) to base 14.
2810
What is -10200230 (base 4) in base 2?
-100100000101100
4aca (base 15) to base 2
11111001000100
What is -704 (base 8) in base 4?
-13010
Convert d14a (base 15) to base 2.
1010110010001010
Convert -6067 (base 8) to base 15.
-dd7
What is -992 (base 14) in base 10?
-1892
26c (base 13) to base 3
120212
Convert -990 (base 10) to base 11.
-820
What is -3540 (base 9) in base 14?
-d5a
What is -118 (base 13) in base 14?
-d8
What is -114 (base 6) in base 10?
-46
Convert -1d6 (base 14) to base 6.
-1440
What is -3120011 (base 4) in base 12?
-8005
Convert -a92 (base 12) to base 2.
-11000001110
What is 240311 (base 7) in base 2?
1010100101101101
Convert 3441 (base 9) to base 12.
1584
What is 13264 (base 12) in base 3?
1100001111
Convert 21332 (base 4) to base 12.
452
2467 (base 11) to base 10
3219
What is 32ba (base 14) in base 3?
110001111
What is 447 (base 9) in base 7?
1033
-2110100 (base 4) to base 5
-300423
What is 20122 (base 4) in base 10?
538
Convert 100212 (base 3) to base 13.
176
What is -122700 (base 8) in base 6?
-524240
What is -3333013 (base 4) in base 15?
-4c87
What is 1100121 (base 3) in base 7?
2611
Convert 131 (base 7) to base 6.
155
-543 (base 6) to base 5
-1312
What is -111222201 (base 3) in base 6?
-115114
-101101001 (base 2) to base 5
-2421
-1564 (base 7) to base 8
-1172
What is -111002 (base 3) in base 11?
-2a1
Convert -5 (base 16) to base 11.
-5
What is 3121 (base 5) in base 8?
633
What is 121200220 (base 3) in base 16?
2f8e
Convert -23353 (base 8) to base 5.
-304323
Convert -152f (base 16) to base 15.
-1918
-221 (base 16) to base 13
-32c
Convert 24574 (base 9) to base 13.
7690
-ca (base 16) to base 9
-244
-1713 (base 16) to base 13
-28c5
13113301 (base 4) to base 13
10987
-220136 (base 7) to base 5
-2212432
Convert 30100 (base 6) to base 15.
1269
Convert -24652 (base 8) to base 7.
-43045
What is -4729 (base 11) in base 2?
-1100000111010
What is 5689 (base 12) in base 7?
40005
-33 (base 11) to base 7
-51
What is 7265 (base 10) in base 5?
213030
Convert -1120220 (base 3) to base 4.
-102012
Convert 1111 (base 8) to base 4.
21021
What is -45055 (base 6) in base 16?
-189b
211a8 (base 11) to base 12
15a30
What is -22211311 (base 4) in base 13?
-16990
-2732 (base 8) to base 12
-a4a
8b1 (base 13) to base 15
69b
-1053 (base 13) to base 16
-8d9
Convert -43ee (base 16) to base 9.
-25762
What is -231165 (base 7) in base 9?
-62530
Convert 175071 (base 8) to base 6.
1212321
What is 41d6 (base 14) in base 8?
26140
-21011101 (base 3) to base 6
-40101
What is 222202 (base 3) in base 16?
2d2
What is -31b (base 14) in base 9?
-751
407 (base 15) to base 7
2434
12120102 (base 3) to base 12
2425
-24d2 (base 14) to base 13
-2c28
Convert 277 (base 10) to base 11.
232
81a2 (base 11) to base 14
3d73
-299 (base 14) to base 16
-20f
What is 2202221 (base 3) in base 5?
31043
What is -721 (base 8) in base 14?